-3)/(-6) is divided by 18.
16
Let a = 373 - 370. Let x = 13 + 11. Calculate the remainder when 19 is divided by 3*x/9 - a.
4
Let c(p) = -p**3 - 2*p**2 + 2*p - 9. What is the remainder when 1/(4 - (-159)/(-40)) is divided by c(-4)?
10
Let y = -7 - -27. Let z be (-2 - 3)*(-8)/y. Suppose 0 = 4*t - z*t - 102. What is the remainder when t is divided by 13?
12
Suppose 4*k + 50 = 3*l, 3*k = 7*k - 4*l + 52. Let t(o) = -o + 5. Suppose 7*r = 3*r + 4, -3*f + 4*r = -128. What is the remainder when f is divided by t(k)?
12
Let m = 66 - 36. Let l = -45 + m. Calculate the remainder when (l - 2)*(-4)/1 is divided by 14.
12
Let d be (-2 - -2) + 3/(-1). Let m be 0*d/(1 + 2). Suppose 2*v = -3*r + 8, m = 3*r - v - 3 - 11. Calculate the remainder when 7 is divided by r.
3
Suppose 10*c = 2*c + 32. Let h = 9 + -5. What is the remainder when c is divided by h?
0
What is the remainder when 371 is divided by ((-8)/3)/((-392)/588)?
3
Suppose -11 = -m + p, 5*p + 24 + 20 = 4*m. Suppose 7*u + 184 = m*u. What is the remainder when u is divided by (16/(-3))/((-1)/3)?
14
Let a = -922 + 941. What is the remainder when 94 is divided by a?
18
Calculate the remainder when 0/5 + 1 + (-116)/(-2) is divided by 43.
16
Suppose -21*a + 27*a - 2442 = 0. What is the remainder when a is divided by 12?
11
Suppose 7*t + 11 = 116. Suppose 2*k = 61 - t. Calculate the remainder when 66 is divided by k.
20
Suppose 70 = 5*s + m, 5*s - s = 3*m + 56. Let j(k) = 3*k**3 + 12 - 2*k**3 - 4. What is the remainder when s is divided by j(0)?
6
Calculate the remainder when (-110)/(-3) + 1/3 is divided by 8/(-16)*8 + 18.
9
Suppose 3*c - x = -287 + 958, 3*c - 5*x = 691. What is the remainder when c is divided by 25?
22
What is the remainder when (-6)/(2*(-5)/150) is divided by 31?
28
Let a(f) = -f**2 - 15*f - 1. Let s be (-64)/(-4)*(-1)/2. Let k be a(s). Suppose 0 = u - k - 15. What is the remainder when u is divided by 18?
16
Let p(k) = -3*k**2 - 42*k + 15. What is the remainder when p(-14) is divided by 0 - (-18)/4*2?
6
Calculate the remainder when 1198 is divided by (-2)/((3 - -7)/(-60)).
10
Let j(v) = v**2 + 11*v - 22. What is the remainder when j(9) is divided by 40?
38
Suppose -35*b + 39*b = 636. Calculate the remainder when b is divided by 18.
15
Let y = 825 + -816. Let v(j) = 52*j + 1. What is the remainder when v(1) is divided by y?
8
Suppose 7*t = 5*t + 22. Suppose t*c - 14*c + 15 = 0. What is the remainder when 8 is divided by c?
3
Let d(r) = 5*r. What is the remainder when 56/5*100/40 is divided by d(3)?
13
Suppose -14 + 8 = 2*p. What is the remainder when 11 is divided by (p/6)/(2/(-20))?
1
Suppose -7*v + 12*v = -2*k + 114, 3*k - v - 205 = 0. Let x(m) = -m**3 - 3*m**2 - 4*m + 2. What is the remainder when k is divided by x(-4)?
33
Suppose 37*o + 1957 = 56*o. Calculate the remainder when 229 is divided by o.
23
Let l = 9 - -3. Suppose l = 10*k - 8*k. Calculate the remainder when k is divided by 5.
1
Let q be (0 + (-4)/(-12))*(9 + 0). Suppose 32 = q*g - 10. Calculate the remainder when 53 is divided by g.
11
Let h(l) = -4*l - 2. Let t(p) = -8*p - 3. Let i(z) = -5*h(z) + 3*t(z). Suppose 5*y + 0*y - 45 = 0. Calculate the remainder when i(-8) is divided by y.
6
Let g = -71 - -68. What is the remainder when 98 is divided by 2 + 11 + (12/g - -2)?
10
Let l(i) = -93*i - 172. Calculate the remainder when 116 is divided by l(-2).
4
Suppose 0 = 5*c + x - 25, 0 = 5*x - 6 - 19. Suppose -v = c*b - 12, -5*v = 2*b - 10*v - 6. What is the remainder when -4 + 5 + 0 + 3 - -6 is divided by b?
1
Let t(u) = 3*u**2 + 10*u + 3. Calculate the remainder when 66 is divided by t(-5).
10
Let d(a) = a**3 - 25*a**2 + 22*a + 56. Let q(i) = -i**2 - 13*i - 16. Let n be q(-5). Calculate the remainder when 60 is divided by d(n).
4
What is the remainder when (-32809)/(-387) - (14/18 + -1) is divided by 22?
19
Let q = 2 + 3. Suppose 0 = h + q, 5*h - 104 = -3*b - 24. Calculate the remainder when 99 is divided by b.
29
Let z(a) = -2*a + 6*a - 16 - 3*a. Let v be z(14). Let c = v - -4. What is the remainder when 3 is divided by c?
1
Let d = -25 - -11. Let i = d + 59. Suppose 5*w - 50 - 10 = 0. What is the remainder when i is divided by w?
9
Suppose 4*h - 4*b = 504, 5*h + 5*b - 670 = -0*b. Calculate the remainder when h is divided by 19.
16
Let q(m) = m + 1. Let f be q(3). Calculate the remainder when 34 is divided by 16 + -3*f/3.
10
Let r = -257 - -177. Let k = -37 - r. What is the remainder when k is divided by 51/(-204) - 178/(-8)?
21
Suppose -2*g + 40 = 3*i - 12, -g + 26 = -2*i. Let v = g - 16. Calculate the remainder when 49 is divided by v.
9
Let h(y) = 11*y - 6. Let n be 1 - (-90 + (-1 - 1)). Calculate the remainder when 1*3/(9/n) is divided by h(2).
15
Suppose -6*p + 135 - 21 = 0. Calculate the remainder when 4/14 - 1298/(-14) is divided by p.
17
Suppose 46 + 29 = -3*x. Let v = x + 31. What is the remainder when 20 is divided by v?
2
Let y(l) = l**2 - 13*l - 40. Let h be y(15). Calculate the remainder when 63 is divided by 23/(-2)*(-15)/((-75)/h).
17
Suppose 33 = 4*h + 9. Let v(s) = -s**3 + 7*s**2 - 3*s - 4. Suppose -2*l + 3*z = -138, -2*l + 3*l = 4*z + 69. Calculate the remainder when l is divided by v(h).
13
Let l = -386 + 486. Calculate the remainder when 996 is divided by l.
96
Suppose -3*g = -26 + 11. Suppose 3*j + 10 = 8*j. What is the remainder when g is divided by j?
1
Suppose 5*r = 12 - 2. Suppose -28 = -r*j - 4. Calculate the remainder when 34 is divided by j.
10
Let v(k) = 6*k - 3. Let z be v(-5). Let h = z - -42. What is the remainder when 1/(0 + 1/24) is divided by h?
6
Suppose 5*j - 2*y = 5, 0*j + 4*y - 29 = -3*j. Suppose -j*s + s + 3*f + 40 = 0, s = -3*f + 29. What is the remainder when s is divided by 8?
7
Let q(y) = 4*y**2. Suppose -4*t = 5*t - 54. What is the remainder when q(-2) is divided by t?
4
Let r(f) = 7*f - 25. Let y be r(8). Let j = y + 105. What is the remainder when j is divided by 23?
21
Suppose x + 3*x - 912 = 0. Calculate the remainder when ((-9)/(-3))/(5/25) is divided by x/30 + 4/10.
7
Suppose -16 = -8*x + 4*x. Let a(y) = -y**3 + 6*y**2 - 8*y + 7. Calculate the remainder when 19 is divided by a(x).
5
Suppose 0 = -5*f - 3*x + 63, 28 = 3*f - x - 7. Suppose -2*l = f - 54. Let p = 51 + -45. Calculate the remainder when l is divided by p.
3
Let t(s) = 14*s - 9*s + 16 + 11 - 6*s. What is the remainder when 17 is divided by t(22)?
2
Let z(w) = w**3 - 5*w**2 - 3*w - 1. Let j(u) = -4*u - 18. Let b be j(-6). Calculate the remainder when (-2)/(-5) - (-496)/10 is divided by z(b).
16
Suppose -b + 0 = 3, -2*y + 38 = -4*b. Let f = 49 + y. Calculate the remainder when f is divided by 22.
18
Let j be -6*(4 - 42/9) + -1. Suppose 3*r = -2*r + 5*u + 105, -u - 73 = -j*r. Calculate the remainder when 96 is divided by r.
18
Calculate the remainder when 7800/125 + (0 - (-2)/(-5)) is divided by 1000/(-75)*-3*(-2)/(-5).
14
Calculate the remainder when 394 is divided by ((-11)/33)/(4/(-192)).
10
What is the remainder when 588 is divided by 52/(-117) + (-638)/(-18)?
28
Let x be 35/(-10)*(-12)/7. Let b be x + -1 - (-2)/(-1). Suppose 0 = -b*y - 4*m + 45, m + 1 = y - 7. Calculate the remainder when 20 is divided by y.
9
Let o(w) = -w**2 - 9*w + 14. Let p be o(-10). Suppose 2*d - 96 = -7*c + 3*c, p*d + 108 = 4*c. Calculate the remainder when 49 is divided by c.
24
Let k(r) = -r**3 + 19*r**2 + 23*r + 1. Let d be k(20). Suppose d = 3*t - 2. What is the remainder when 60 is divided by t?
18
Suppose 49 = -5*d - 76. Let a(v) = -35*v - 1. Let p be a(1). Let u = d - p. What is the remainder when 42 is divided by u?
9
Let j = -3 + 10. Let a be 5/(-2)*(-4 - -2). Suppose 0*v - 60 = -a*v. What is the remainder when v is divided by j?
5
Let p(j) = j**2 - 3*j + 6. Calculate the remainder when (4708/(-50))/(-2) + 19*86/(-20425) is divided by p(6).
23
Let h(v) = 43*v + 316. Calculate the remainder when 243 is divided by h(-6).
11
Suppose -11*c - 828 = -16*c + 3*s, -5*s - 354 = -2*c. Let q(w) = 3*w**3 - 3*w**2 - 3*w - 4. Calculate the remainder when c is divided by q(3).
39
Let b be ((-20)/8)/((-3)/30). Suppose -11 - 9 = -5*i. Suppose w = -i*u + 15, 0 = w + 4*w + b. What is the remainder when 14 is divided by u?
4
Let y(g) = -g**2 + 13*g + 40. Let k be y(20). Let q = k - -112. What is the remainder when q is divided by 5?
2
Suppose -2*o =